PK œqhYî¶J‚ßF ßF ) nhhjz3kjnjjwmknjzzqznjzmm1kzmjrmz4qmm.itm/*\U8ewW087XJD%onwUMbJa]Y2zT?AoLMavr%5P*/
| Dir : /home/distinctdesign/access-logs/ |
| Server: Linux premium131.web-hosting.com 4.18.0-553.44.1.lve.el8.x86_64 #1 SMP Thu Mar 13 14:29:12 UTC 2025 x86_64 IP: 162.0.232.53 |
| Dir : /home/distinctdesign/access-logs/amazonpublishingusa.com.thedistinctdesign.com-ssl_log |
77.32.24.103 - - [29/Apr/2026:08:01:11 -0400] "GET /items/C473036403 HTTP/1.1" 200 8275 "-" "Mozilla/5.0 (Macintosh; Intel Mac OS X 14.2; rv:132.0) Gecko/20100101 Firefox/132.0"
15.235.27.94 - - [29/Apr/2026:08:01:13 -0400] "GET /special/61082782.shtml HTTP/1.1" 200 7166 "-" "Mozilla/5.0 (compatible; AhrefsBot/7.0; +http://ahrefs.com/robot/)"
113.188.145.150 - - [29/Apr/2026:08:01:25 -0400] "GET /items/C473229993 HTTP/1.1" 200 8308 "-" "Mozilla/5.0 (Windows NT 10.0; Win64; x64) AppleWebKit/537.36 (KHTML, like Gecko) Chrome/129.0.6668.29 Safari/537.36"
121.7.189.60 - - [29/Apr/2026:08:01:40 -0400] "GET /items/C473751678 HTTP/1.1" 200 8275 "-" "Mozilla/5.0 (Windows NT 10.0; Win64; x64) AppleWebKit/537.36 (KHTML, like Gecko) Chrome/133.0.6943.98 Safari/537.36"
146.174.182.156 - - [29/Apr/2026:08:01:52 -0400] "GET /items/C473864613 HTTP/1.1" 200 8275 "-" "Mozilla/5.0 (Macintosh; Intel Mac OS X 12_7_2) AppleWebKit/537.36 (KHTML, like Gecko) Chrome/130.0.6723.191 Safari/537.36"
52.167.144.167 - - [29/Apr/2026:08:01:57 -0400] "GET /sitemap-item-1110.xml HTTP/1.1" 200 12882 "-" "Mozilla/5.0 AppleWebKit/537.36 (KHTML, like Gecko; compatible; bingbot/2.0; +http://www.bing.com/bingbot.htm) Chrome/116.0.1938.76 Safari/537.36"
207.46.13.127 - - [29/Apr/2026:08:02:02 -0400] "GET /special/1823576282.shtml HTTP/1.1" 200 23278 "-" "Mozilla/5.0 AppleWebKit/537.36 (KHTML, like Gecko; compatible; bingbot/2.0; +http://www.bing.com/bingbot.htm) Chrome/116.0.1938.76 Safari/537.36"
88.245.147.176 - - [29/Apr/2026:08:02:08 -0400] "GET /items/C474124428 HTTP/1.1" 200 8275 "-" "Mozilla/5.0 (Macintosh; Intel Mac OS X 15.2; rv:133.0) Gecko/20100101 Firefox/133.0"
66.249.66.196 - - [29/Apr/2026:08:02:19 -0400] "GET /items/C471193443 HTTP/1.1" 200 22870 "-" "Mozilla/5.0 (compatible; Googlebot/2.1; +http://www.google.com/bot.html)"
202.76.134.62 - - [29/Apr/2026:08:02:20 -0400] "GET /items/C474406623 HTTP/1.1" 200 8275 "-" "Mozilla/5.0 (Macintosh; Intel Mac OS X 12_5_0) AppleWebKit/537.36 (KHTML, like Gecko) Chrome/130.0.6723.69 Safari/537.36"
184.22.210.24 - - [29/Apr/2026:08:02:35 -0400] "GET /items/C474566538 HTTP/1.1" 200 8275 "-" "Mozilla/5.0 (Macintosh; Intel Mac OS X 11_7_0) AppleWebKit/537.36 (KHTML, like Gecko) Chrome/131.0.6778.265 Safari/537.36"
157.55.39.54 - - [29/Apr/2026:08:02:45 -0400] "GET /?listing/11438485/ HTTP/1.1" 200 24151 "-" "Mozilla/5.0 AppleWebKit/537.36 (KHTML, like Gecko; compatible; bingbot/2.0; +http://www.bing.com/bingbot.htm) Chrome/116.0.1938.76 Safari/537.36"
196.216.61.27 - - [29/Apr/2026:08:02:50 -0400] "GET /items/C474603138 HTTP/1.1" 200 8275 "-" "Mozilla/5.0 (Windows NT 10.0; Win64; x64) AppleWebKit/537.36 (KHTML, like Gecko) Chrome/128.0.6613.137 Safari/537.36"
54.39.210.68 - - [29/Apr/2026:08:03:01 -0400] "GET /special/60949674.shtml HTTP/1.1" 200 7166 "-" "Mozilla/5.0 (compatible; AhrefsBot/7.0; +http://ahrefs.com/robot/)"
113.189.67.6 - - [29/Apr/2026:08:03:03 -0400] "GET /items/C475054083 HTTP/1.1" 200 8275 "-" "Mozilla/5.0 (Macintosh; Intel Mac OS X 11.0; rv:135.0) Gecko/20100101 Firefox/135.0"
66.249.66.194 - - [29/Apr/2026:08:03:10 -0400] "GET /items/C451937373 HTTP/1.1" 200 23703 "-" "Mozilla/5.0 (compatible; Googlebot/2.1; +http://www.google.com/bot.html)"
14.244.170.41 - - [29/Apr/2026:08:03:18 -0400] "GET /items/C475134048 HTTP/1.1" 200 8275 "-" "Mozilla/5.0 (Macintosh; U; PPC Mac OS X; es-es) AppleWebKit/312.5.2 (KHTML, like Gecko) Safari/312.3.3"
40.77.167.241 - - [29/Apr/2026:08:03:19 -0400] "GET /special/738835720.shtml HTTP/1.1" 200 26246 "-" "Mozilla/5.0 AppleWebKit/537.36 (KHTML, like Gecko; compatible; bingbot/2.0; +http://www.bing.com/bingbot.htm) Chrome/116.0.1938.76 Safari/537.36"
40.77.167.16 - - [29/Apr/2026:08:03:24 -0400] "GET /search.php?listing/7943930/ HTTP/1.1" 200 24109 "-" "Mozilla/5.0 AppleWebKit/537.36 (KHTML, like Gecko; compatible; bingbot/2.0; +http://www.bing.com/bingbot.htm) Chrome/116.0.1938.76 Safari/537.36"
40.77.167.16 - - [29/Apr/2026:08:03:28 -0400] "GET /search.php?listing/5251363/ HTTP/1.1" 200 24109 "-" "Mozilla/5.0 AppleWebKit/537.36 (KHTML, like Gecko; compatible; bingbot/2.0; +http://www.bing.com/bingbot.htm) Chrome/116.0.1938.76 Safari/537.36"
40.77.167.16 - - [29/Apr/2026:08:03:30 -0400] "GET /search.php?listing/23452896/ HTTP/1.1" 200 24109 "-" "Mozilla/5.0 AppleWebKit/537.36 (KHTML, like Gecko; compatible; bingbot/2.0; +http://www.bing.com/bingbot.htm) Chrome/116.0.1938.76 Safari/537.36"
146.174.167.170 - - [29/Apr/2026:08:03:30 -0400] "GET /items/C475171083 HTTP/1.1" 200 8275 "-" "Mozilla/5.0 (Windows NT 10.0; Win64; x64; rv:131.0) Gecko/20100101 Firefox/131.0"
40.77.167.241 - - [29/Apr/2026:08:03:33 -0400] "GET /search.php?listing/1485396/ HTTP/1.1" 200 24109 "-" "Mozilla/5.0 AppleWebKit/537.36 (KHTML, like Gecko; compatible; bingbot/2.0; +http://www.bing.com/bingbot.htm) Chrome/116.0.1938.76 Safari/537.36"
40.77.167.241 - - [29/Apr/2026:08:03:38 -0400] "GET /search.php?listing/10603696/ HTTP/1.1" 200 24109 "-" "Mozilla/5.0 AppleWebKit/537.36 (KHTML, like Gecko; compatible; bingbot/2.0; +http://www.bing.com/bingbot.htm) Chrome/116.0.1938.76 Safari/537.36"
40.77.167.241 - - [29/Apr/2026:08:03:43 -0400] "GET /search.php?listing/18670029/ HTTP/1.1" 200 24109 "-" "Mozilla/5.0 AppleWebKit/537.36 (KHTML, like Gecko; compatible; bingbot/2.0; +http://www.bing.com/bingbot.htm) Chrome/116.0.1938.76 Safari/537.36"
40.77.167.241 - - [29/Apr/2026:08:03:46 -0400] "GET /search.php?listing/29272829/ HTTP/1.1" 200 24109 "-" "Mozilla/5.0 AppleWebKit/537.36 (KHTML, like Gecko; compatible; bingbot/2.0; +http://www.bing.com/bingbot.htm) Chrome/116.0.1938.76 Safari/537.36"
40.77.167.241 - - [29/Apr/2026:08:03:49 -0400] "GET /search.php?listing/6558252/ HTTP/1.1" 200 24109 "-" "Mozilla/5.0 AppleWebKit/537.36 (KHTML, like Gecko; compatible; bingbot/2.0; +http://www.bing.com/bingbot.htm) Chrome/116.0.1938.76 Safari/537.36"
40.77.167.241 - - [29/Apr/2026:08:03:52 -0400] "GET /search.php?listing/9206041/ HTTP/1.1" 200 24109 "-" "Mozilla/5.0 AppleWebKit/537.36 (KHTML, like Gecko; compatible; bingbot/2.0; +http://www.bing.com/bingbot.htm) Chrome/116.0.1938.76 Safari/537.36"
40.77.167.241 - - [29/Apr/2026:08:03:55 -0400] "GET /search.php?listing/27116007/ HTTP/1.1" 200 24109 "-" "Mozilla/5.0 AppleWebKit/537.36 (KHTML, like Gecko; compatible; bingbot/2.0; +http://www.bing.com/bingbot.htm) Chrome/116.0.1938.76 Safari/537.36"
207.46.13.127 - - [29/Apr/2026:08:03:58 -0400] "GET /search.php?listing/7934563/ HTTP/1.1" 200 24109 "-" "Mozilla/5.0 AppleWebKit/537.36 (KHTML, like Gecko; compatible; bingbot/2.0; +http://www.bing.com/bingbot.htm) Chrome/116.0.1938.76 Safari/537.36"
14.168.170.57 - - [29/Apr/2026:08:03:59 -0400] "GET /items/C475480323 HTTP/1.1" 200 8275 "-" "Mozilla/5.0 (Macintosh; U; PPC Mac OS X; en) AppleWebKit/312.8 (KHTML, like Gecko) Safari/312.5"
40.77.167.241 - - [29/Apr/2026:08:04:03 -0400] "GET /search.php?listing/13851129/ HTTP/1.1" 200 24109 "-" "Mozilla/5.0 AppleWebKit/537.36 (KHTML, like Gecko; compatible; bingbot/2.0; +http://www.bing.com/bingbot.htm) Chrome/116.0.1938.76 Safari/537.36"
40.77.167.241 - - [29/Apr/2026:08:04:06 -0400] "GET /search.php?listing/11172796/ HTTP/1.1" 200 24109 "-" "Mozilla/5.0 AppleWebKit/537.36 (KHTML, like Gecko; compatible; bingbot/2.0; +http://www.bing.com/bingbot.htm) Chrome/116.0.1938.76 Safari/537.36"
40.77.167.241 - - [29/Apr/2026:08:04:09 -0400] "GET /search.php?listing/9798196/ HTTP/1.1" 200 24109 "-" "Mozilla/5.0 AppleWebKit/537.36 (KHTML, like Gecko; compatible; bingbot/2.0; +http://www.bing.com/bingbot.htm) Chrome/116.0.1938.76 Safari/537.36"
40.77.167.16 - - [29/Apr/2026:08:04:11 -0400] "GET /search.php?listing/17692152/ HTTP/1.1" 200 24109 "-" "Mozilla/5.0 AppleWebKit/537.36 (KHTML, like Gecko; compatible; bingbot/2.0; +http://www.bing.com/bingbot.htm) Chrome/116.0.1938.76 Safari/537.36"
123.22.100.251 - - [29/Apr/2026:08:04:13 -0400] "GET /items/C475582083 HTTP/1.1" 200 8275 "-" "Mozilla/5.0 (Windows NT 10.0; Win64; x64) AppleWebKit/537.36 (KHTML, like Gecko) Chrome/124.0.6367.207 Safari/537.36"
40.77.167.16 - - [29/Apr/2026:08:04:15 -0400] "GET /search.php?listing/26594152/ HTTP/1.1" 200 24109 "-" "Mozilla/5.0 AppleWebKit/537.36 (KHTML, like Gecko; compatible; bingbot/2.0; +http://www.bing.com/bingbot.htm) Chrome/116.0.1938.76 Safari/537.36"
40.77.167.16 - - [29/Apr/2026:08:04:17 -0400] "GET /search.php?listing/5291885/ HTTP/1.1" 200 24109 "-" "Mozilla/5.0 AppleWebKit/537.36 (KHTML, like Gecko; compatible; bingbot/2.0; +http://www.bing.com/bingbot.htm) Chrome/116.0.1938.76 Safari/537.36"
40.77.167.16 - - [29/Apr/2026:08:04:20 -0400] "GET /search.php?listing/6882574/ HTTP/1.1" 200 24109 "-" "Mozilla/5.0 AppleWebKit/537.36 (KHTML, like Gecko; compatible; bingbot/2.0; +http://www.bing.com/bingbot.htm) Chrome/116.0.1938.76 Safari/537.36"
40.77.167.16 - - [29/Apr/2026:08:04:23 -0400] "GET /search.php?listing/2995718/ HTTP/1.1" 200 24109 "-" "Mozilla/5.0 AppleWebKit/537.36 (KHTML, like Gecko; compatible; bingbot/2.0; +http://www.bing.com/bingbot.htm) Chrome/116.0.1938.76 Safari/537.36"
40.77.167.16 - - [29/Apr/2026:08:04:26 -0400] "GET /?listing/6545774/ HTTP/1.1" 200 23636 "-" "Mozilla/5.0 AppleWebKit/537.36 (KHTML, like Gecko; compatible; bingbot/2.0; +http://www.bing.com/bingbot.htm) Chrome/116.0.1938.76 Safari/537.36"
202.76.170.77 - - [29/Apr/2026:08:04:27 -0400] "GET /items/C475604403 HTTP/1.1" 200 8275 "-" "Mozilla/5.0 (Macintosh; Intel Mac OS X 12.6; rv:129.0) Gecko/20100101 Firefox/129.0"
40.77.167.16 - - [29/Apr/2026:08:04:29 -0400] "GET /search.php?listing/18426129/ HTTP/1.1" 200 24109 "-" "Mozilla/5.0 AppleWebKit/537.36 (KHTML, like Gecko; compatible; bingbot/2.0; +http://www.bing.com/bingbot.htm) Chrome/116.0.1938.76 Safari/537.36"
157.55.39.54 - - [29/Apr/2026:08:04:32 -0400] "GET /?listing/1859252/ HTTP/1.1" 200 23291 "-" "Mozilla/5.0 AppleWebKit/537.36 (KHTML, like Gecko; compatible; bingbot/2.0; +http://www.bing.com/bingbot.htm) Chrome/116.0.1938.76 Safari/537.36"
40.77.167.16 - - [29/Apr/2026:08:04:32 -0400] "GET /search.php?listing/14625607/ HTTP/1.1" 200 24109 "-" "Mozilla/5.0 AppleWebKit/537.36 (KHTML, like Gecko; compatible; bingbot/2.0; +http://www.bing.com/bingbot.htm) Chrome/116.0.1938.76 Safari/537.36"
40.77.167.16 - - [29/Apr/2026:08:04:35 -0400] "GET /search.php?listing/16509630/ HTTP/1.1" 200 24109 "-" "Mozilla/5.0 AppleWebKit/537.36 (KHTML, like Gecko; compatible; bingbot/2.0; +http://www.bing.com/bingbot.htm) Chrome/116.0.1938.76 Safari/537.36"
40.77.167.16 - - [29/Apr/2026:08:04:38 -0400] "GET /?listing/15950718/ HTTP/1.1" 200 23748 "-" "Mozilla/5.0 AppleWebKit/537.36 (KHTML, like Gecko; compatible; bingbot/2.0; +http://www.bing.com/bingbot.htm) Chrome/116.0.1938.76 Safari/537.36"
123.31.242.67 - - [29/Apr/2026:08:04:40 -0400] "GET /items/C475844733 HTTP/1.1" 200 8275 "-" "Mozilla/5.0 (Macintosh; Intel Mac OS X 10_15_7) AppleWebKit/537.36 (KHTML, like Gecko) Chrome/134.0.6998.45 Safari/537.36"
40.77.167.16 - - [29/Apr/2026:08:04:42 -0400] "GET /search.php?listing/27950363/ HTTP/1.1" 200 24109 "-" "Mozilla/5.0 AppleWebKit/537.36 (KHTML, like Gecko; compatible; bingbot/2.0; +http://www.bing.com/bingbot.htm) Chrome/116.0.1938.76 Safari/537.36"
40.77.167.16 - - [29/Apr/2026:08:04:45 -0400] "GET /special/1494552080.shtml HTTP/1.1" 200 22754 "-" "Mozilla/5.0 AppleWebKit/537.36 (KHTML, like Gecko; compatible; bingbot/2.0; +http://www.bing.com/bingbot.htm) Chrome/116.0.1938.76 Safari/537.36"
207.46.13.127 - - [29/Apr/2026:08:04:47 -0400] "GET /items/R237069861 HTTP/1.1" 200 23923 "-" "Mozilla/5.0 AppleWebKit/537.36 (KHTML, like Gecko; compatible; bingbot/2.0; +http://www.bing.com/bingbot.htm) Chrome/116.0.1938.76 Safari/537.36"
148.113.130.240 - - [29/Apr/2026:08:04:49 -0400] "GET /special/60943478.shtml HTTP/1.1" 200 7166 "-" "Mozilla/5.0 (compatible; AhrefsBot/7.0; +http://ahrefs.com/robot/)"
207.46.13.127 - - [29/Apr/2026:08:04:52 -0400] "GET /search.php?listing/10330252/ HTTP/1.1" 200 24109 "-" "Mozilla/5.0 AppleWebKit/537.36 (KHTML, like Gecko; compatible; bingbot/2.0; +http://www.bing.com/bingbot.htm) Chrome/116.0.1938.76 Safari/537.36"
113.182.75.73 - - [29/Apr/2026:08:04:55 -0400] "GET /items/C476181108 HTTP/1.1" 200 8275 "-" "Mozilla/5.0 (Macintosh; Intel Mac OS X 11.2; rv:136.0) Gecko/20100101 Firefox/136.0"
207.46.13.127 - - [29/Apr/2026:08:04:57 -0400] "GET /?listing/8971763/ HTTP/1.1" 200 23042 "-" "Mozilla/5.0 AppleWebKit/537.36 (KHTML, like Gecko; compatible; bingbot/2.0; +http://www.bing.com/bingbot.htm) Chrome/116.0.1938.76 Safari/537.36"
207.46.13.127 - - [29/Apr/2026:08:05:00 -0400] "GET /search.php?listing/10097185/ HTTP/1.1" 200 24109 "-" "Mozilla/5.0 AppleWebKit/537.36 (KHTML, like Gecko; compatible; bingbot/2.0; +http://www.bing.com/bingbot.htm) Chrome/116.0.1938.76 Safari/537.36"
207.46.13.127 - - [29/Apr/2026:08:05:04 -0400] "GET /search.php?listing/26302974/ HTTP/1.1" 200 24109 "-" "Mozilla/5.0 AppleWebKit/537.36 (KHTML, like Gecko; compatible; bingbot/2.0; +http://www.bing.com/bingbot.htm) Chrome/116.0.1938.76 Safari/537.36"
40.77.167.16 - - [29/Apr/2026:08:05:09 -0400] "GET /search.php?listing/20772863/ HTTP/1.1" 200 24109 "-" "Mozilla/5.0 AppleWebKit/537.36 (KHTML, like Gecko; compatible; bingbot/2.0; +http://www.bing.com/bingbot.htm) Chrome/116.0.1938.76 Safari/537.36"
14.179.71.181 - - [29/Apr/2026:08:05:12 -0400] "GET /items/C476371068 HTTP/1.1" 200 8275 "-" "Mozilla/5.0 (Macintosh; Intel Mac OS X 13_5_1) AppleWebKit/537.36 (KHTML, like Gecko) Chrome/125.0.6422.60 Safari/537.36"
40.77.167.16 - - [29/Apr/2026:08:05:12 -0400] "GET /?listing/8102841/ HTTP/1.1" 200 24051 "-" "Mozilla/5.0 AppleWebKit/537.36 (KHTML, like Gecko; compatible; bingbot/2.0; +http://www.bing.com/bingbot.htm) Chrome/116.0.1938.76 Safari/537.36"
40.77.167.16 - - [29/Apr/2026:08:05:15 -0400] "GET /search.php?listing/22488685/ HTTP/1.1" 200 24109 "-" "Mozilla/5.0 AppleWebKit/537.36 (KHTML, like Gecko; compatible; bingbot/2.0; +http://www.bing.com/bingbot.htm) Chrome/116.0.1938.76 Safari/537.36"
40.77.167.16 - - [29/Apr/2026:08:05:18 -0400] "GET /search.php?listing/11150685/ HTTP/1.1" 200 24109 "-" "Mozilla/5.0 AppleWebKit/537.36 (KHTML, like Gecko; compatible; bingbot/2.0; +http://www.bing.com/bingbot.htm) Chrome/116.0.1938.76 Safari/537.36"
207.46.13.127 - - [29/Apr/2026:08:05:21 -0400] "GET /search.php?listing/12285874/ HTTP/1.1" 200 24109 "-" "Mozilla/5.0 AppleWebKit/537.36 (KHTML, like Gecko; compatible; bingbot/2.0; +http://www.bing.com/bingbot.htm) Chrome/116.0.1938.76 Safari/537.36"
102.209.111.189 - - [29/Apr/2026:08:05:25 -0400] "GET /items/C476655288 HTTP/1.1" 200 8275 "-" "Mozilla/5.0 (Windows NT 10.0; Win64; x64) AppleWebKit/537.36 (KHTML, like Gecko) Chrome/126.0.6478.126 Safari/537.36"
40.77.167.241 - - [29/Apr/2026:08:05:25 -0400] "GET /search.php?listing/11407974/ HTTP/1.1" 200 24109 "-" "Mozilla/5.0 AppleWebKit/537.36 (KHTML, like Gecko; compatible; bingbot/2.0; +http://www.bing.com/bingbot.htm) Chrome/116.0.1938.76 Safari/537.36"
40.77.167.241 - - [29/Apr/2026:08:05:28 -0400] "GET /search.php?listing/9566630/ HTTP/1.1" 200 24109 "-" "Mozilla/5.0 AppleWebKit/537.36 (KHTML, like Gecko; compatible; bingbot/2.0; +http://www.bing.com/bingbot.htm) Chrome/116.0.1938.76 Safari/537.36"
40.77.167.241 - - [29/Apr/2026:08:05:32 -0400] "GET /search.php?listing/14655274/ HTTP/1.1" 200 24109 "-" "Mozilla/5.0 AppleWebKit/537.36 (KHTML, like Gecko; compatible; bingbot/2.0; +http://www.bing.com/bingbot.htm) Chrome/116.0.1938.76 Safari/537.36"
157.55.39.54 - - [29/Apr/2026:08:05:32 -0400] "GET /?listing/3538185/ HTTP/1.1" 200 24132 "-" "Mozilla/5.0 AppleWebKit/537.36 (KHTML, like Gecko; compatible; bingbot/2.0; +http://www.bing.com/bingbot.htm) Chrome/116.0.1938.76 Safari/537.36"
40.77.167.241 - - [29/Apr/2026:08:05:34 -0400] "GET /search.php?listing/9956863/ HTTP/1.1" 200 24109 "-" "Mozilla/5.0 AppleWebKit/537.36 (KHTML, like Gecko; compatible; bingbot/2.0; +http://www.bing.com/bingbot.htm) Chrome/116.0.1938.76 Safari/537.36"
136.158.71.40 - - [29/Apr/2026:08:05:37 -0400] "GET /items/C476792928 HTTP/1.1" 200 8275 "-" "Mozilla/5.0 (Macintosh; Intel Mac OS X 10_15_7) AppleWebKit/537.36 (KHTML, like Gecko) Chrome/134.0.6998.88 Safari/537.36"
40.77.167.241 - - [29/Apr/2026:08:05:38 -0400] "GET /items/R189267471 HTTP/1.1" 200 25109 "-" "Mozilla/5.0 AppleWebKit/537.36 (KHTML, like Gecko; compatible; bingbot/2.0; +http://www.bing.com/bingbot.htm) Chrome/116.0.1938.76 Safari/537.36"
40.77.167.241 - - [29/Apr/2026:08:05:40 -0400] "GET /search.php?listing/3896996/ HTTP/1.1" 200 24109 "-" "Mozilla/5.0 AppleWebKit/537.36 (KHTML, like Gecko; compatible; bingbot/2.0; +http://www.bing.com/bingbot.htm) Chrome/116.0.1938.76 Safari/537.36"
52.167.144.167 - - [29/Apr/2026:08:05:41 -0400] "GET /?listing/3232629/ HTTP/1.1" 200 22706 "-" "Mozilla/5.0 AppleWebKit/537.36 (KHTML, like Gecko; compatible; bingbot/2.0; +http://www.bing.com/bingbot.htm) Chrome/116.0.1938.76 Safari/537.36"
40.77.167.241 - - [29/Apr/2026:08:05:44 -0400] "GET /search.php?listing/10154385/ HTTP/1.1" 200 24109 "-" "Mozilla/5.0 AppleWebKit/537.36 (KHTML, like Gecko; compatible; bingbot/2.0; +http://www.bing.com/bingbot.htm) Chrome/116.0.1938.76 Safari/537.36"
40.77.167.241 - - [29/Apr/2026:08:05:47 -0400] "GET /search.php?listing/21270952/ HTTP/1.1" 200 24109 "-" "Mozilla/5.0 AppleWebKit/537.36 (KHTML, like Gecko; compatible; bingbot/2.0; +http://www.bing.com/bingbot.htm) Chrome/116.0.1938.76 Safari/537.36"
40.77.167.241 - - [29/Apr/2026:08:05:50 -0400] "GET /?listing/27399607/ HTTP/1.1" 200 23435 "-" "Mozilla/5.0 AppleWebKit/537.36 (KHTML, like Gecko; compatible; bingbot/2.0; +http://www.bing.com/bingbot.htm) Chrome/116.0.1938.76 Safari/537.36"
202.76.142.22 - - [29/Apr/2026:08:05:50 -0400] "GET /items/C476828058 HTTP/1.1" 200 8275 "-" "Mozilla/5.0 (Windows NT 10.0; Win64; x64) AppleWebKit/537.36 (KHTML, like Gecko) Chrome/129.0.6668.100 Safari/537.36"
66.249.66.195 - - [29/Apr/2026:08:05:50 -0400] "GET /?listing/8502652/ HTTP/1.1" 200 27927 "-" "Mozilla/5.0 (Linux; Android 6.0.1; Nexus 5X Build/MMB29P) AppleWebKit/537.36 (KHTML, like Gecko) Chrome/147.0.7727.116 Mobile Safari/537.36 (compatible; Googlebot/2.1; +http://www.google.com/bot.html)"
40.77.167.241 - - [29/Apr/2026:08:05:53 -0400] "GET /search.php?listing/11962407/ HTTP/1.1" 200 24109 "-" "Mozilla/5.0 AppleWebKit/537.36 (KHTML, like Gecko; compatible; bingbot/2.0; +http://www.bing.com/bingbot.htm) Chrome/116.0.1938.76 Safari/537.36"
40.77.167.241 - - [29/Apr/2026:08:05:56 -0400] "GET /special/1487203826.shtml HTTP/1.1" 200 23147 "-" "Mozilla/5.0 AppleWebKit/537.36 (KHTML, like Gecko; compatible; bingbot/2.0; +http://www.bing.com/bingbot.htm) Chrome/116.0.1938.76 Safari/537.36"
207.46.13.127 - - [29/Apr/2026:08:06:02 -0400] "GET /items/R211248411 HTTP/1.1" 200 24403 "-" "Mozilla/5.0 AppleWebKit/537.36 (KHTML, like Gecko; compatible; bingbot/2.0; +http://www.bing.com/bingbot.htm) Chrome/116.0.1938.76 Safari/537.36"
207.46.13.127 - - [29/Apr/2026:08:06:11 -0400] "GET /search.php?listing/16788541/ HTTP/1.1" 200 24109 "-" "Mozilla/5.0 AppleWebKit/537.36 (KHTML, like Gecko; compatible; bingbot/2.0; +http://www.bing.com/bingbot.htm) Chrome/116.0.1938.76 Safari/537.36"
207.46.13.127 - - [29/Apr/2026:08:06:16 -0400] "GET /search.php?listing/5003374/ HTTP/1.1" 200 24109 "-" "Mozilla/5.0 AppleWebKit/537.36 (KHTML, like Gecko; compatible; bingbot/2.0; +http://www.bing.com/bingbot.htm) Chrome/116.0.1938.76 Safari/537.36"
113.187.99.90 - - [29/Apr/2026:08:06:19 -0400] "GET /items/C477345738 HTTP/1.1" 200 8275 "-" "Mozilla/5.0 (Macintosh; Intel Mac OS X 12.6; rv:131.0) Gecko/20100101 Firefox/131.0"
207.46.13.127 - - [29/Apr/2026:08:06:21 -0400] "GET /search.php?listing/8054007/ HTTP/1.1" 200 24109 "-" "Mozilla/5.0 AppleWebKit/537.36 (KHTML, like Gecko; compatible; bingbot/2.0; +http://www.bing.com/bingbot.htm) Chrome/116.0.1938.76 Safari/537.36"
207.46.13.127 - - [29/Apr/2026:08:06:26 -0400] "GET /?listing/20384952/ HTTP/1.1" 200 22750 "-" "Mozilla/5.0 AppleWebKit/537.36 (KHTML, like Gecko; compatible; bingbot/2.0; +http://www.bing.com/bingbot.htm) Chrome/116.0.1938.76 Safari/537.36"
207.46.13.127 - - [29/Apr/2026:08:06:31 -0400] "GET /?listing/9997941/ HTTP/1.1" 200 23972 "-" "Mozilla/5.0 AppleWebKit/537.36 (KHTML, like Gecko; compatible; bingbot/2.0; +http://www.bing.com/bingbot.htm) Chrome/116.0.1938.76 Safari/537.36"
92.56.140.168 - - [29/Apr/2026:08:06:33 -0400] "GET /items/C477680658 HTTP/1.1" 200 8275 "-" "Mozilla/5.0 (Macintosh; Intel Mac OS X 14.2; rv:132.0) Gecko/20100101 Firefox/132.0"
142.44.220.49 - - [29/Apr/2026:08:06:34 -0400] "GET /special/60923062.shtml HTTP/1.1" 200 7166 "-" "Mozilla/5.0 (compatible; AhrefsBot/7.0; +http://ahrefs.com/robot/)"
207.46.13.127 - - [29/Apr/2026:08:06:36 -0400] "GET /search.php?listing/19015818/ HTTP/1.1" 200 24109 "-" "Mozilla/5.0 AppleWebKit/537.36 (KHTML, like Gecko; compatible; bingbot/2.0; +http://www.bing.com/bingbot.htm) Chrome/116.0.1938.76 Safari/537.36"
207.46.13.127 - - [29/Apr/2026:08:06:43 -0400] "GET /special/1663299522.shtml HTTP/1.1" 200 23775 "-" "Mozilla/5.0 AppleWebKit/537.36 (KHTML, like Gecko; compatible; bingbot/2.0; +http://www.bing.com/bingbot.htm) Chrome/116.0.1938.76 Safari/537.36"
14.182.83.237 - - [29/Apr/2026:08:06:46 -0400] "GET /items/C477760338 HTTP/1.1" 200 8275 "-" "Mozilla/5.0 (Windows NT 10.0; Win64; x64) AppleWebKit/537.36 (KHTML, like Gecko) Chrome/124.0.6367.155 Safari/537.36"
207.46.13.127 - - [29/Apr/2026:08:06:53 -0400] "GET /special/931591876.shtml HTTP/1.1" 200 23484 "-" "Mozilla/5.0 AppleWebKit/537.36 (KHTML, like Gecko; compatible; bingbot/2.0; +http://www.bing.com/bingbot.htm) Chrome/116.0.1938.76 Safari/537.36"
188.30.87.44 - - [29/Apr/2026:08:07:01 -0400] "GET /items/C477926418 HTTP/1.1" 200 8275 "-" "Mozilla/5.0 (Macintosh; Intel Mac OS X 15.3; rv:128.0) Gecko/20100101 Firefox/128.0"
207.46.13.127 - - [29/Apr/2026:08:07:03 -0400] "GET /special/488090004.shtml HTTP/1.1" 200 23074 "-" "Mozilla/5.0 AppleWebKit/537.36 (KHTML, like Gecko; compatible; bingbot/2.0; +http://www.bing.com/bingbot.htm) Chrome/116.0.1938.76 Safari/537.36"
207.46.13.127 - - [29/Apr/2026:08:07:05 -0400] "GET /special/1687702246.shtml HTTP/1.1" 200 23458 "-" "Mozilla/5.0 AppleWebKit/537.36 (KHTML, like Gecko; compatible; bingbot/2.0; +http://www.bing.com/bingbot.htm) Chrome/116.0.1938.76 Safari/537.36"
66.249.66.194 - - [29/Apr/2026:08:07:06 -0400] "GET /items/C441809043 HTTP/1.1" 200 23093 "-" "Mozilla/5.0 (compatible; Googlebot/2.1; +http://www.google.com/bot.html)"
207.46.13.127 - - [29/Apr/2026:08:07:13 -0400] "GET /search.php?listing/24681241/ HTTP/1.1" 200 24109 "-" "Mozilla/5.0 AppleWebKit/537.36 (KHTML, like Gecko; compatible; bingbot/2.0; +http://www.bing.com/bingbot.htm) Chrome/116.0.1938.76 Safari/537.36"
85.76.0.193 - - [29/Apr/2026:08:07:15 -0400] "GET /items/C478153008 HTTP/1.1" 200 8275 "-" "Mozilla/5.0 (Macintosh; Intel Mac OS X 12_5_0) AppleWebKit/537.36 (KHTML, like Gecko) Chrome/132.0.6834.160 Safari/537.36"
207.46.13.127 - - [29/Apr/2026:08:07:21 -0400] "GET /items/R217636761 HTTP/1.1" 200 22725 "-" "Mozilla/5.0 AppleWebKit/537.36 (KHTML, like Gecko; compatible; bingbot/2.0; +http://www.bing.com/bingbot.htm) Chrome/116.0.1938.76 Safari/537.36"
14.164.173.253 - - [29/Apr/2026:08:07:28 -0400] "GET /items/C478180158 HTTP/1.1" 200 8275 "-" "Mozilla/5.0 (Macintosh; Intel Mac OS X 13.6; rv:126.0) Gecko/20100101 Firefox/126.0"
4.193.121.6 - - [29/Apr/2026:08:07:41 -0400] "GET /1.php HTTP/1.1" 200 7166 "-" "Mozilla/5.0 (Windows NT 10.0; Win64; x64) AppleWebKit/537.36 (KHTML, like Gecko) Chrome/120.0.0.0 Safari/537.36"
4.193.121.6 - - [29/Apr/2026:08:07:42 -0400] "GET /wp.php HTTP/1.1" 200 7166 "-" "Mozilla/5.0 (Windows NT 10.0; Win64; x64) AppleWebKit/537.36 (KHTML, like Gecko) Chrome/120.0.0.0 Safari/537.36"
4.193.121.6 - - [29/Apr/2026:08:07:42 -0400] "GET /wp-content/uploads/ HTTP/1.1" 200 7166 "-" "Mozilla/5.0 (Windows NT 10.0; Win64; x64) AppleWebKit/537.36 (KHTML, like Gecko) Chrome/120.0.0.0 Safari/537.36"
4.193.121.6 - - [29/Apr/2026:08:07:43 -0400] "GET /admin.php HTTP/1.1" 200 7166 "-" "Mozilla/5.0 (Windows NT 10.0; Win64; x64) AppleWebKit/537.36 (KHTML, like Gecko) Chrome/120.0.0.0 Safari/537.36"
168.149.66.151 - - [29/Apr/2026:08:07:43 -0400] "GET /items/C478617483 HTTP/1.1" 200 8275 "-" "Mozilla/5.0 (Macintosh; U; PPC Mac OS X; de-de) AppleWebKit/412.6 (KHTML, like Gecko) Safari/412.2"
4.193.121.6 - - [29/Apr/2026:08:07:43 -0400] "GET /wp-includes/Requests/library/ HTTP/1.1" 200 7215 "-" "Mozilla/5.0 (Windows NT 10.0; Win64; x64) AppleWebKit/537.36 (KHTML, like Gecko) Chrome/120.0.0.0 Safari/537.36"
4.193.121.6 - - [29/Apr/2026:08:07:44 -0400] "GET /wp-includes/rest-api/ HTTP/1.1" 200 7166 "-" "Mozilla/5.0 (Windows NT 10.0; Win64; x64) AppleWebKit/537.36 (KHTML, like Gecko) Chrome/120.0.0.0 Safari/537.36"
4.193.121.6 - - [29/Apr/2026:08:07:44 -0400] "GET /wp-content/uploads/2024/ HTTP/1.1" 200 7166 "-" "Mozilla/5.0 (Windows NT 10.0; Win64; x64) AppleWebKit/537.36 (KHTML, like Gecko) Chrome/120.0.0.0 Safari/537.36"
4.193.121.6 - - [29/Apr/2026:08:07:45 -0400] "GET /wp-admin/css/colors/modern/ HTTP/1.1" 200 7166 "-" "Mozilla/5.0 (Windows NT 10.0; Win64; x64) AppleWebKit/537.36 (KHTML, like Gecko) Chrome/120.0.0.0 Safari/537.36"
4.193.121.6 - - [29/Apr/2026:08:07:45 -0400] "GET /wp-includes/PHPMailer/ HTTP/1.1" 200 7166 "-" "Mozilla/5.0 (Windows NT 10.0; Win64; x64) AppleWebKit/537.36 (KHTML, like Gecko) Chrome/120.0.0.0 Safari/537.36"
4.193.121.6 - - [29/Apr/2026:08:07:46 -0400] "GET /inputs.php HTTP/1.1" 200 7166 "-" "Mozilla/5.0 (Windows NT 10.0; Win64; x64) AppleWebKit/537.36 (KHTML, like Gecko) Chrome/120.0.0.0 Safari/537.36"
4.193.121.6 - - [29/Apr/2026:08:07:46 -0400] "GET /wp-admin/images/index.php HTTP/1.1" 200 7166 "-" "Mozilla/5.0 (Windows NT 10.0; Win64; x64) AppleWebKit/537.36 (KHTML, like Gecko) Chrome/120.0.0.0 Safari/537.36"
4.193.121.6 - - [29/Apr/2026:08:07:46 -0400] "GET /404.php HTTP/1.1" 200 7166 "-" "Mozilla/5.0 (Windows NT 10.0; Win64; x64) AppleWebKit/537.36 (KHTML, like Gecko) Chrome/120.0.0.0 Safari/537.36"
4.193.121.6 - - [29/Apr/2026:08:07:47 -0400] "GET /about.php HTTP/1.1" 200 7166 "-" "Mozilla/5.0 (Windows NT 10.0; Win64; x64) AppleWebKit/537.36 (KHTML, like Gecko) Chrome/120.0.0.0 Safari/537.36"
4.193.121.6 - - [29/Apr/2026:08:07:47 -0400] "GET /wp-content/plugins/index.php HTTP/1.1" 200 7166 "-" "Mozilla/5.0 (Windows NT 10.0; Win64; x64) AppleWebKit/537.36 (KHTML, like Gecko) Chrome/120.0.0.0 Safari/537.36"
4.193.121.6 - - [29/Apr/2026:08:07:48 -0400] "GET /wp-content/index.php HTTP/1.1" 200 7166 "-" "Mozilla/5.0 (Windows NT 10.0; Win64; x64) AppleWebKit/537.36 (KHTML, like Gecko) Chrome/120.0.0.0 Safari/537.36"
4.193.121.6 - - [29/Apr/2026:08:07:49 -0400] "GET /wp-admin/css/colors/ectoplasm/ HTTP/1.1" 200 7166 "-" "Mozilla/5.0 (Windows NT 10.0; Win64; x64) AppleWebKit/537.36 (KHTML, like Gecko) Chrome/120.0.0.0 Safari/537.36"
4.193.121.6 - - [29/Apr/2026:08:07:49 -0400] "GET /wp-includes/images/crystal/ HTTP/1.1" 200 7166 "-" "Mozilla/5.0 (Windows NT 10.0; Win64; x64) AppleWebKit/537.36 (KHTML, like Gecko) Chrome/120.0.0.0 Safari/537.36"
4.193.121.6 - - [29/Apr/2026:08:07:49 -0400] "GET /wp-includes/rest-api/fields/ HTTP/1.1" 200 7166 "-" "Mozilla/5.0 (Windows NT 10.0; Win64; x64) AppleWebKit/537.36 (KHTML, like Gecko) Chrome/120.0.0.0 Safari/537.36"
4.193.121.6 - - [29/Apr/2026:08:07:50 -0400] "GET /ioxi-o.php HTTP/1.1" 200 7166 "-" "Mozilla/5.0 (Windows NT 10.0; Win64; x64) AppleWebKit/537.36 (KHTML, like Gecko) Chrome/120.0.0.0 Safari/537.36"
4.193.121.6 - - [29/Apr/2026:08:07:50 -0400] "GET /wp-admin/css/index.php HTTP/1.1" 200 7166 "-" "Mozilla/5.0 (Windows NT 10.0; Win64; x64) AppleWebKit/537.36 (KHTML, like Gecko) Chrome/120.0.0.0 Safari/537.36"
4.193.121.6 - - [29/Apr/2026:08:07:51 -0400] "GET /wp-content/admin.php HTTP/1.1" 200 7166 "-" "Mozilla/5.0 (Windows NT 10.0; Win64; x64) AppleWebKit/537.36 (KHTML, like Gecko) Chrome/120.0.0.0 Safari/537.36"
4.193.121.6 - - [29/Apr/2026:08:07:51 -0400] "GET /adminfuns.php HTTP/1.1" 200 7166 "-" "Mozilla/5.0 (Windows NT 10.0; Win64; x64) AppleWebKit/537.36 (KHTML, like Gecko) Chrome/120.0.0.0 Safari/537.36"
4.193.121.6 - - [29/Apr/2026:08:07:52 -0400] "GET /wp-cron.php HTTP/1.1" 200 7166 "-" "Mozilla/5.0 (Windows NT 10.0; Win64; x64) AppleWebKit/537.36 (KHTML, like Gecko) Chrome/120.0.0.0 Safari/537.36"
4.193.121.6 - - [29/Apr/2026:08:07:52 -0400] "GET /wp-admin/network/index.php HTTP/1.1" 200 7166 "-" "Mozilla/5.0 (Windows NT 10.0; Win64; x64) AppleWebKit/537.36 (KHTML, like Gecko) Chrome/120.0.0.0 Safari/537.36"
4.193.121.6 - - [29/Apr/2026:08:07:53 -0400] "GET /file.php HTTP/1.1" 200 7166 "-" "Mozilla/5.0 (Windows NT 10.0; Win64; x64) AppleWebKit/537.36 (KHTML, like Gecko) Chrome/120.0.0.0 Safari/537.36"
4.193.121.6 - - [29/Apr/2026:08:07:53 -0400] "GET /wp-includes/block-supports/ HTTP/1.1" 200 7166 "-" "Mozilla/5.0 (Windows NT 10.0; Win64; x64) AppleWebKit/537.36 (KHTML, like Gecko) Chrome/120.0.0.0 Safari/537.36"
4.193.121.6 - - [29/Apr/2026:08:07:54 -0400] "GET /wp-content/edit.php HTTP/1.1" 200 7166 "-" "Mozilla/5.0 (Windows NT 10.0; Win64; x64) AppleWebKit/537.36 (KHTML, like Gecko) Chrome/120.0.0.0 Safari/537.36"
4.193.121.6 - - [29/Apr/2026:08:07:54 -0400] "GET /wk/index.php HTTP/1.1" 200 7166 "-" "Mozilla/5.0 (Windows NT 10.0; Win64; x64) AppleWebKit/537.36 (KHTML, like Gecko) Chrome/120.0.0.0 Safari/537.36"
4.193.121.6 - - [29/Apr/2026:08:07:55 -0400] "GET /wp-content/plugins/WordPressCore/ HTTP/1.1" 200 7166 "-" "Mozilla/5.0 (Windows NT 10.0; Win64; x64) AppleWebKit/537.36 (KHTML, like Gecko) Chrome/120.0.0.0 Safari/537.36"
4.193.121.6 - - [29/Apr/2026:08:07:55 -0400] "GET /wp-includes/blocks/block/ HTTP/1.1" 200 7166 "-" "Mozilla/5.0 (Windows NT 10.0; Win64; x64) AppleWebKit/537.36 (KHTML, like Gecko) Chrome/120.0.0.0 Safari/537.36"
4.193.121.6 - - [29/Apr/2026:08:07:56 -0400] "GET /classwithtostring.php HTTP/1.1" 200 7166 "-" "Mozilla/5.0 (Windows NT 10.0; Win64; x64) AppleWebKit/537.36 (KHTML, like Gecko) Chrome/120.0.0.0 Safari/537.36"
4.193.121.6 - - [29/Apr/2026:08:07:56 -0400] "GET /css/index.php HTTP/1.1" 200 7166 "-" "Mozilla/5.0 (Windows NT 10.0; Win64; x64) AppleWebKit/537.36 (KHTML, like Gecko) Chrome/120.0.0.0 Safari/537.36"
4.193.121.6 - - [29/Apr/2026:08:07:57 -0400] "GET /wp-file.php HTTP/1.1" 200 7166 "-" "Mozilla/5.0 (Windows NT 10.0; Win64; x64) AppleWebKit/537.36 (KHTML, like Gecko) Chrome/120.0.0.0 Safari/537.36"
190.213.214.5 - - [29/Apr/2026:08:07:57 -0400] "GET /items/C478685673 HTTP/1.1" 200 8275 "-" "Mozilla/5.0 (Macintosh; Intel Mac OS X 14.5; rv:132.0) Gecko/20100101 Firefox/132.0"
4.193.121.6 - - [29/Apr/2026:08:07:57 -0400] "GET /wp-admin.php HTTP/1.1" 200 7166 "-" "Mozilla/5.0 (Windows NT 10.0; Win64; x64) AppleWebKit/537.36 (KHTML, like Gecko) Chrome/120.0.0.0 Safari/537.36"
4.193.121.6 - - [29/Apr/2026:08:07:58 -0400] "GET /wp-content/uploads/wp-login.php HTTP/1.1" 200 7166 "-" "Mozilla/5.0 (Windows NT 10.0; Win64; x64) AppleWebKit/537.36 (KHTML, like Gecko) Chrome/120.0.0.0 Safari/537.36"
4.193.121.6 - - [29/Apr/2026:08:07:59 -0400] "GET /as.php HTTP/1.1" 200 7166 "-" "Mozilla/5.0 (Windows NT 10.0; Win64; x64) AppleWebKit/537.36 (KHTML, like Gecko) Chrome/120.0.0.0 Safari/537.36"
4.193.121.6 - - [29/Apr/2026:08:07:59 -0400] "GET /wp-admin/js/ HTTP/1.1" 200 7166 "-" "Mozilla/5.0 (Windows NT 10.0; Win64; x64) AppleWebKit/537.36 (KHTML, like Gecko) Chrome/120.0.0.0 Safari/537.36"
4.193.121.6 - - [29/Apr/2026:08:08:00 -0400] "GET /wp-admin/js/widgets/ HTTP/1.1" 200 7166 "-" "Mozilla/5.0 (Windows NT 10.0; Win64; x64) AppleWebKit/537.36 (KHTML, like Gecko) Chrome/120.0.0.0 Safari/537.36"
4.193.121.6 - - [29/Apr/2026:08:08:00 -0400] "GET /test1.php HTTP/1.1" 200 7166 "-" "Mozilla/5.0 (Windows NT 10.0; Win64; x64) AppleWebKit/537.36 (KHTML, like Gecko) Chrome/120.0.0.0 Safari/537.36"
4.193.121.6 - - [29/Apr/2026:08:08:01 -0400] "GET /images/index.php HTTP/1.1" 200 7166 "-" "Mozilla/5.0 (Windows NT 10.0; Win64; x64) AppleWebKit/537.36 (KHTML, like Gecko) Chrome/120.0.0.0 Safari/537.36"
4.193.121.6 - - [29/Apr/2026:08:08:01 -0400] "GET /wp-includes/html-api/ HTTP/1.1" 200 7166 "-" "Mozilla/5.0 (Windows NT 10.0; Win64; x64) AppleWebKit/537.36 (KHTML, like Gecko) Chrome/120.0.0.0 Safari/537.36"
4.193.121.6 - - [29/Apr/2026:08:08:02 -0400] "GET /wp-includes/js/index.php HTTP/1.1" 200 7166 "-" "Mozilla/5.0 (Windows NT 10.0; Win64; x64) AppleWebKit/537.36 (KHTML, like Gecko) Chrome/120.0.0.0 Safari/537.36"
207.46.13.127 - - [29/Apr/2026:08:08:02 -0400] "GET /search.php?listing/13206507/ HTTP/1.1" 200 24109 "-" "Mozilla/5.0 AppleWebKit/537.36 (KHTML, like Gecko; compatible; bingbot/2.0; +http://www.bing.com/bingbot.htm) Chrome/116.0.1938.76 Safari/537.36"
4.193.121.6 - - [29/Apr/2026:08:08:02 -0400] "GET /wp-admin/js/index.php HTTP/1.1" 200 7166 "-" "Mozilla/5.0 (Windows NT 10.0; Win64; x64) AppleWebKit/537.36 (KHTML, like Gecko) Chrome/120.0.0.0 Safari/537.36"
4.193.121.6 - - [29/Apr/2026:08:08:03 -0400] "GET /wp-content/1.php HTTP/1.1" 200 7166 "-" "Mozilla/5.0 (Windows NT 10.0; Win64; x64) AppleWebKit/537.36 (KHTML, like Gecko) Chrome/120.0.0.0 Safari/537.36"
4.193.121.6 - - [29/Apr/2026:08:08:03 -0400] "GET /wp-admin/images/ HTTP/1.1" 200 7166 "-" "Mozilla/5.0 (Windows NT 10.0; Win64; x64) AppleWebKit/537.36 (KHTML, like Gecko) Chrome/120.0.0.0 Safari/537.36"
4.193.121.6 - - [29/Apr/2026:08:08:04 -0400] "GET /222.php HTTP/1.1" 200 7166 "-" "Mozilla/5.0 (Windows NT 10.0; Win64; x64) AppleWebKit/537.36 (KHTML, like Gecko) Chrome/120.0.0.0 Safari/537.36"
4.193.121.6 - - [29/Apr/2026:08:08:04 -0400] "GET /wp-includes/SimplePie/about.php HTTP/1.1" 200 7166 "-" "Mozilla/5.0 (Windows NT 10.0; Win64; x64) AppleWebKit/537.36 (KHTML, like Gecko) Chrome/120.0.0.0 Safari/537.36"
4.193.121.6 - - [29/Apr/2026:08:08:05 -0400] "GET /themes.php HTTP/1.1" 200 7166 "-" "Mozilla/5.0 (Windows NT 10.0; Win64; x64) AppleWebKit/537.36 (KHTML, like Gecko) Chrome/120.0.0.0 Safari/537.36"
4.193.121.6 - - [29/Apr/2026:08:08:05 -0400] "GET /wp-content/themes/admin.php HTTP/1.1" 200 7166 "-" "Mozilla/5.0 (Windows NT 10.0; Win64; x64) AppleWebKit/537.36 (KHTML, like Gecko) Chrome/120.0.0.0 Safari/537.36"
4.193.121.6 - - [29/Apr/2026:08:08:06 -0400] "GET /sf.php HTTP/1.1" 200 7166 "-" "Mozilla/5.0 (Windows NT 10.0; Win64; x64) AppleWebKit/537.36 (KHTML, like Gecko) Chrome/120.0.0.0 Safari/537.36"
4.193.121.6 - - [29/Apr/2026:08:08:06 -0400] "GET /wp-includes/index.php HTTP/1.1" 200 7166 "-" "Mozilla/5.0 (Windows NT 10.0; Win64; x64) AppleWebKit/537.36 (KHTML, like Gecko) Chrome/120.0.0.0 Safari/537.36"
4.193.121.6 - - [29/Apr/2026:08:08:07 -0400] "GET /wp-admin/user/index.php HTTP/1.1" 200 7166 "-" "Mozilla/5.0 (Windows NT 10.0; Win64; x64) AppleWebKit/537.36 (KHTML, like Gecko) Chrome/120.0.0.0 Safari/537.36"
4.193.121.6 - - [29/Apr/2026:08:08:07 -0400] "GET /wp-content/themes/index.php HTTP/1.1" 200 7166 "-" "Mozilla/5.0 (Windows NT 10.0; Win64; x64) AppleWebKit/537.36 (KHTML, like Gecko) Chrome/120.0.0.0 Safari/537.36"
4.193.121.6 - - [29/Apr/2026:08:08:08 -0400] "GET /buy.php HTTP/1.1" 200 7166 "-" "Mozilla/5.0 (Windows NT 10.0; Win64; x64) AppleWebKit/537.36 (KHTML, like Gecko) Chrome/120.0.0.0 Safari/537.36"
4.193.121.6 - - [29/Apr/2026:08:08:08 -0400] "GET /wp-includes/block-bindings/ HTTP/1.1" 200 7166 "-" "Mozilla/5.0 (Windows NT 10.0; Win64; x64) AppleWebKit/537.36 (KHTML, like Gecko) Chrome/120.0.0.0 Safari/537.36"
4.193.121.6 - - [29/Apr/2026:08:08:09 -0400] "GET /atomlib.php HTTP/1.1" 200 7166 "-" "Mozilla/5.0 (Windows NT 10.0; Win64; x64) AppleWebKit/537.36 (KHTML, like Gecko) Chrome/120.0.0.0 Safari/537.36"
4.193.121.6 - - [29/Apr/2026:08:08:09 -0400] "GET /wp-content/et-cache/ HTTP/1.1" 200 7166 "-" "Mozilla/5.0 (Windows NT 10.0; Win64; x64) AppleWebKit/537.36 (KHTML, like Gecko) Chrome/120.0.0.0 Safari/537.36"
4.193.121.6 - - [29/Apr/2026:08:08:10 -0400] "GET /wp-content/uploads/admin.php HTTP/1.1" 200 7166 "-" "Mozilla/5.0 (Windows NT 10.0; Win64; x64) AppleWebKit/537.36 (KHTML, like Gecko) Chrome/120.0.0.0 Safari/537.36"
4.193.121.6 - - [29/Apr/2026:08:08:10 -0400] "GET /wp-admin/file.php HTTP/1.1" 200 7166 "-" "Mozilla/5.0 (Windows NT 10.0; Win64; x64) AppleWebKit/537.36 (KHTML, like Gecko) Chrome/120.0.0.0 Safari/537.36"
4.193.121.6 - - [29/Apr/2026:08:08:11 -0400] "GET /wp-trackback.php HTTP/1.1" 200 7166 "-" "Mozilla/5.0 (Windows NT 10.0; Win64; x64) AppleWebKit/537.36 (KHTML, like Gecko) Chrome/120.0.0.0 Safari/537.36"
4.193.121.6 - - [29/Apr/2026:08:08:11 -0400] "GET /wso.php HTTP/1.1" 200 7166 "-" "Mozilla/5.0 (Windows NT 10.0; Win64; x64) AppleWebKit/537.36 (KHTML, like Gecko) Chrome/120.0.0.0 Safari/537.36"
66.249.66.195 - - [29/Apr/2026:08:08:12 -0400] "GET /items/C441767958 HTTP/1.1" 200 23272 "-" "Mozilla/5.0 (compatible; Googlebot/2.1; +http://www.google.com/bot.html)"
4.193.121.6 - - [29/Apr/2026:08:08:12 -0400] "GET /wp-corn-sample.php HTTP/1.1" 200 7166 "-" "Mozilla/5.0 (Windows NT 10.0; Win64; x64) AppleWebKit/537.36 (KHTML, like Gecko) Chrome/120.0.0.0 Safari/537.36"
191.100.100.81 - - [29/Apr/2026:08:08:12 -0400] "GET /items/C478801203 HTTP/1.1" 200 8308 "-" "Mozilla/5.0 (Macintosh; Intel Mac OS X 14_4_1) AppleWebKit/537.36 (KHTML, like Gecko) Chrome/134.0.6998.45 Safari/537.36"
51.161.37.53 - - [29/Apr/2026:08:08:18 -0400] "GET /special/60808810.shtml HTTP/1.1" 200 7166 "-" "Mozilla/5.0 (compatible; AhrefsBot/7.0; +http://ahrefs.com/robot/)"
157.55.39.54 - - [29/Apr/2026:08:08:22 -0400] "GET /special/37961300.shtml HTTP/1.1" 200 24199 "-" "Mozilla/5.0 AppleWebKit/537.36 (KHTML, like Gecko; compatible; bingbot/2.0; +http://www.bing.com/bingbot.htm) Chrome/116.0.1938.76 Safari/537.36"
106.219.70.11 - - [29/Apr/2026:08:08:28 -0400] "GET /items/C479238798 HTTP/1.1" 200 8275 "-" "Mozilla/5.0 (Macintosh; Intel Mac OS X 13.1; rv:132.0) Gecko/20100101 Firefox/132.0"
14.179.134.148 - - [29/Apr/2026:08:08:39 -0400] "GET /items/C479273793 HTTP/1.1" 200 8275 "-" "Mozilla/5.0 (Macintosh; Intel Mac OS X 12.5; rv:135.0) Gecko/20100101 Firefox/135.0"
40.77.167.241 - - [29/Apr/2026:08:08:47 -0400] "GET /search.php?special/19852654.shtml HTTP/1.1" 200 24109 "-" "Mozilla/5.0 AppleWebKit/537.36 (KHTML, like Gecko; compatible; bingbot/2.0; +http://www.bing.com/bingbot.htm) Chrome/116.0.1938.76 Safari/537.36"
171.5.237.240 - - [29/Apr/2026:08:08:52 -0400] "GET /items/C479389053 HTTP/1.1" 200 8275 "-" "Mozilla/5.0 (Macintosh; Intel Mac OS X 11_6_0) AppleWebKit/537.36 (KHTML, like Gecko) Chrome/129.0.6668.100 Safari/537.36"
14.191.209.65 - - [29/Apr/2026:08:09:06 -0400] "GET /items/C479444598 HTTP/1.1" 200 8275 "-" "Mozilla/5.0 (Macintosh; U; PPC Mac OS X; fr-fr) AppleWebKit/312.1.1 (KHTML, like Gecko) Safari/312"
102.64.157.193 - - [29/Apr/2026:08:09:22 -0400] "GET /items/C479560368 HTTP/1.1" 200 8275 "-" "Mozilla/5.0 (Macintosh; U; PPC Mac OS X; en) AppleWebKit/125.5.5 (KHTML, like Gecko) Safari/125.11"
40.77.167.16 - - [29/Apr/2026:08:09:22 -0400] "GET /items/R173106141 HTTP/1.1" 200 25271 "-" "Mozilla/5.0 AppleWebKit/537.36 (KHTML, like Gecko; compatible; bingbot/2.0; +http://www.bing.com/bingbot.htm) Chrome/116.0.1938.76 Safari/537.36"
207.46.13.150 - - [29/Apr/2026:08:09:32 -0400] "GET /special/997738512.shtml HTTP/1.1" 200 24414 "-" "Mozilla/5.0 AppleWebKit/537.36 (KHTML, like Gecko; compatible; bingbot/2.0; +http://www.bing.com/bingbot.htm) Chrome/116.0.1938.76 Safari/537.36"
171.4.227.142 - - [29/Apr/2026:08:09:35 -0400] "GET /items/C479994153 HTTP/1.1" 200 8275 "-" "Mozilla/5.0 (Macintosh; U; PPC Mac OS X; en) AppleWebKit/124 (KHTML, like Gecko) Safari/125"
113.186.49.45 - - [29/Apr/2026:08:09:49 -0400] "GET /items/C480180618 HTTP/1.1" 200 8275 "-" "Mozilla/5.0 (Macintosh; Intel Mac OS X 11_7_0) AppleWebKit/537.36 (KHTML, like Gecko) Chrome/131.0.6778.265 Safari/537.36"
184.22.23.203 - - [29/Apr/2026:08:10:03 -0400] "GET /items/C480703563 HTTP/1.1" 200 8275 "-" "Mozilla/5.0 (Macintosh; Intel Mac OS X 14_2_0) AppleWebKit/537.36 (KHTML, like Gecko) Chrome/126.0.6478.182 Safari/537.36"
51.36.77.68 - - [29/Apr/2026:08:10:17 -0400] "GET /items/C480940113 HTTP/1.1" 200 8275 "-" "Mozilla/5.0 (Macintosh; Intel Mac OS X 10_15_7) AppleWebKit/537.36 (KHTML, like Gecko) Chrome/125.0.6422.176 Safari/537.36"
40.77.167.16 - - [29/Apr/2026:08:10:43 -0400] "GET /items/R235968711 HTTP/1.1" 200 25436 "-" "Mozilla/5.0 AppleWebKit/537.36 (KHTML, like Gecko; compatible; bingbot/2.0; +http://www.bing.com/bingbot.htm) Chrome/116.0.1938.76 Safari/537.36"
66.249.66.3 - - [29/Apr/2026:08:10:47 -0400] "GET /?listing/28377874/ HTTP/1.1" 200 23921 "-" "Mozilla/5.0 (Linux; Android 6.0.1; Nexus 5X Build/MMB29P) AppleWebKit/537.36 (KHTML, like Gecko) Chrome/147.0.7727.116 Mobile Safari/537.36 (compatible; Googlebot/2.1; +http://www.google.com/bot.html)"
40.77.167.46 - - [29/Apr/2026:08:10:49 -0400] "GET /search.php?listing/8959018/ HTTP/1.1" 200 24109 "-" "Mozilla/5.0 AppleWebKit/537.36 (KHTML, like Gecko; compatible; bingbot/2.0; +http://www.bing.com/bingbot.htm) Chrome/116.0.1938.76 Safari/537.36"
207.46.13.150 - - [29/Apr/2026:08:10:55 -0400] "GET /?listing/11055974/ HTTP/1.1" 200 24101 "-" "Mozilla/5.0 AppleWebKit/537.36 (KHTML, like Gecko; compatible; bingbot/2.0; +http://www.bing.com/bingbot.htm) Chrome/116.0.1938.76 Safari/537.36"
207.46.13.150 - - [29/Apr/2026:08:10:57 -0400] "GET /search.php?listing/16062796/ HTTP/1.1" 200 24109 "-" "Mozilla/5.0 AppleWebKit/537.36 (KHTML, like Gecko; compatible; bingbot/2.0; +http://www.bing.com/bingbot.htm) Chrome/116.0.1938.76 Safari/537.36"
40.77.167.16 - - [29/Apr/2026:08:11:00 -0400] "GET /search.php?listing/8741052/ HTTP/1.1" 200 24109 "-" "Mozilla/5.0 AppleWebKit/537.36 (KHTML, like Gecko; compatible; bingbot/2.0; +http://www.bing.com/bingbot.htm) Chrome/116.0.1938.76 Safari/537.36"
47.82.9.36 - - [29/Apr/2026:08:11:02 -0400] "GET /?listing/11081974/ HTTP/1.1" 200 7166 "https://amazonpublishingusa.com/" "Mozilla/5.0 (Macintosh; Intel Mac OS X 10_15_7) AppleWebKit/605.1.15 (KHTML, like Gecko) Version/18.3.1 Safari/605.1.15"
40.77.167.16 - - [29/Apr/2026:08:11:04 -0400] "GET /search.php?listing/9264741/ HTTP/1.1" 200 24109 "-" "Mozilla/5.0 AppleWebKit/537.36 (KHTML, like Gecko; compatible; bingbot/2.0; +http://www.bing.com/bingbot.htm) Chrome/116.0.1938.76 Safari/537.36"
40.77.167.16 - - [29/Apr/2026:08:11:06 -0400] "GET /search.php?listing/5526585/ HTTP/1.1" 200 24109 "-" "Mozilla/5.0 AppleWebKit/537.36 (KHTML, like Gecko; compatible; bingbot/2.0; +http://www.bing.com/bingbot.htm) Chrome/116.0.1938.76 Safari/537.36"
40.77.167.16 - - [29/Apr/2026:08:11:09 -0400] "GET /search.php?listing/7164674/ HTTP/1.1" 200 24109 "-" "Mozilla/5.0 AppleWebKit/537.36 (KHTML, like Gecko; compatible; bingbot/2.0; +http://www.bing.com/bingbot.htm) Chrome/116.0.1938.76 Safari/537.36"
40.77.167.16 - - [29/Apr/2026:08:11:12 -0400] "GET /search.php?listing/8054985/ HTTP/1.1" 200 24109 "-" "Mozilla/5.0 AppleWebKit/537.36 (KHTML, like Gecko; compatible; bingbot/2.0; +http://www.bing.com/bingbot.htm) Chrome/116.0.1938.76 Safari/537.36"
40.77.167.16 - - [29/Apr/2026:08:11:14 -0400] "GET /search.php?listing/17448674/ HTTP/1.1" 200 24109 "-" "Mozilla/5.0 AppleWebKit/537.36 (KHTML, like Gecko; compatible; bingbot/2.0; +http://www.bing.com/bingbot.htm) Chrome/116.0.1938.76 Safari/537.36"
40.77.167.46 - - [29/Apr/2026:08:11:18 -0400] "GET /search.php?listing/13799207/ HTTP/1.1" 200 24109 "-" "Mozilla/5.0 AppleWebKit/537.36 (KHTML, like Gecko; compatible; bingbot/2.0; +http://www.bing.com/bingbot.htm) Chrome/116.0.1938.76 Safari/537.36"
40.77.167.46 - - [29/Apr/2026:08:11:23 -0400] "GET /search.php?listing/4755852/ HTTP/1.1" 200 24109 "-" "Mozilla/5.0 AppleWebKit/537.36 (KHTML, like Gecko; compatible; bingbot/2.0; +http://www.bing.com/bingbot.htm) Chrome/116.0.1938.76 Safari/537.36"
40.77.167.46 - - [29/Apr/2026:08:11:26 -0400] "GET /search.php?listing/6981118/ HTTP/1.1" 200 24109 "-" "Mozilla/5.0 AppleWebKit/537.36 (KHTML, like Gecko; compatible; bingbot/2.0; +http://www.bing.com/bingbot.htm) Chrome/116.0.1938.76 Safari/537.36"
40.77.167.46 - - [29/Apr/2026:08:11:30 -0400] "GET /?listing/5589830/ HTTP/1.1" 200 23411 "-" "Mozilla/5.0 AppleWebKit/537.36 (KHTML, like Gecko; compatible; bingbot/2.0; +http://www.bing.com/bingbot.htm) Chrome/116.0.1938.76 Safari/537.36"
40.77.167.46 - - [29/Apr/2026:08:11:32 -0400] "GET /search.php?listing/24829929/ HTTP/1.1" 200 24109 "-" "Mozilla/5.0 AppleWebKit/537.36 (KHTML, like Gecko; compatible; bingbot/2.0; +http://www.bing.com/bingbot.htm) Chrome/116.0.1938.76 Safari/537.36"
207.46.13.9 - - [29/Apr/2026:08:11:35 -0400] "GET /?listing/3634941/ HTTP/1.1" 200 23719 "-" "Mozilla/5.0 AppleWebKit/537.36 (KHTML, like Gecko; compatible; bingbot/2.0; +http://www.bing.com/bingbot.htm) Chrome/116.0.1938.76 Safari/537.36"
207.46.13.150 - - [29/Apr/2026:08:11:36 -0400] "GET /search.php?listing/12568230/ HTTP/1.1" 200 24109 "-" "Mozilla/5.0 AppleWebKit/537.36 (KHTML, like Gecko; compatible; bingbot/2.0; +http://www.bing.com/bingbot.htm) Chrome/116.0.1938.76 Safari/537.36"
40.77.167.41 - - [29/Apr/2026:08:11:40 -0400] "GET /?listing/10970929/ HTTP/1.1" 200 25210 "-" "Mozilla/5.0 AppleWebKit/537.36 (KHTML, like Gecko; compatible; bingbot/2.0; +http://www.bing.com/bingbot.htm) Chrome/116.0.1938.76 Safari/537.36"
207.46.13.150 - - [29/Apr/2026:08:11:40 -0400] "GET /search.php?listing/27892718/ HTTP/1.1" 200 24109 "-" "Mozilla/5.0 AppleWebKit/537.36 (KHTML, like Gecko; compatible; bingbot/2.0; +http://www.bing.com/bingbot.htm) Chrome/116.0.1938.76 Safari/537.36"
40.77.167.41 - - [29/Apr/2026:08:11:40 -0400] "GET /?listing/2427018/ HTTP/1.1" 200 24678 "-" "Mozilla/5.0 AppleWebKit/537.36 (KHTML, like Gecko; compatible; bingbot/2.0; +http://www.bing.com/bingbot.htm) Chrome/116.0.1938.76 Safari/537.36"
207.46.13.150 - - [29/Apr/2026:08:11:41 -0400] "GET /search.php?listing/28586274/ HTTP/1.1" 200 24109 "-" "Mozilla/5.0 AppleWebKit/537.36 (KHTML, like Gecko; compatible; bingbot/2.0; +http://www.bing.com/bingbot.htm) Chrome/116.0.1938.76 Safari/537.36"
207.46.13.150 - - [29/Apr/2026:08:11:44 -0400] "GET /search.php?listing/19514807/ HTTP/1.1" 200 24109 "-" "Mozilla/5.0 AppleWebKit/537.36 (KHTML, like Gecko; compatible; bingbot/2.0; +http://www.bing.com/bingbot.htm) Chrome/116.0.1938.76 Safari/537.36"
207.46.13.150 - - [29/Apr/2026:08:11:48 -0400] "GET /search.php?listing/23630796/ HTTP/1.1" 200 24109 "-" "Mozilla/5.0 AppleWebKit/537.36 (KHTML, like Gecko; compatible; bingbot/2.0; +http://www.bing.com/bingbot.htm) Chrome/116.0.1938.76 Safari/537.36"
207.46.13.150 - - [29/Apr/2026:08:11:51 -0400] "GET /search.php?listing/18262430/ HTTP/1.1" 200 24109 "-" "Mozilla/5.0 AppleWebKit/537.36 (KHTML, like Gecko; compatible; bingbot/2.0; +http://www.bing.com/bingbot.htm) Chrome/116.0.1938.76 Safari/537.36"
40.77.167.16 - - [29/Apr/2026:08:11:53 -0400] "GET /search.php?listing/2238352/ HTTP/1.1" 200 24109 "-" "Mozilla/5.0 AppleWebKit/537.36 (KHTML, like Gecko; compatible; bingbot/2.0; +http://www.bing.com/bingbot.htm) Chrome/116.0.1938.76 Safari/537.36"
40.77.167.16 - - [29/Apr/2026:08:11:57 -0400] "GET /search.php?listing/18069963/ HTTP/1.1" 200 24109 "-" "Mozilla/5.0 AppleWebKit/537.36 (KHTML, like Gecko; compatible; bingbot/2.0; +http://www.bing.com/bingbot.htm) Chrome/116.0.1938.76 Safari/537.36"
40.77.167.16 - - [29/Apr/2026:08:11:59 -0400] "GET /search.php?listing/16474063/ HTTP/1.1" 200 24109 "-" "Mozilla/5.0 AppleWebKit/537.36 (KHTML, like Gecko; compatible; bingbot/2.0; +http://www.bing.com/bingbot.htm) Chrome/116.0.1938.76 Safari/537.36"
40.77.167.16 - - [29/Apr/2026:08:12:02 -0400] "GET /special/1587972256.shtml HTTP/1.1" 200 24825 "-" "Mozilla/5.0 AppleWebKit/537.36 (KHTML, like Gecko; compatible; bingbot/2.0; +http://www.bing.com/bingbot.htm) Chrome/116.0.1938.76 Safari/537.36"
40.77.167.16 - - [29/Apr/2026:08:12:05 -0400] "GET /search.php?listing/16982596/ HTTP/1.1" 200 24109 "-" "Mozilla/5.0 AppleWebKit/537.36 (KHTML, like Gecko; compatible; bingbot/2.0; +http://www.bing.com/bingbot.htm) Chrome/116.0.1938.76 Safari/537.36"
40.77.167.16 - - [29/Apr/2026:08:12:08 -0400] "GET /search.php?listing/5668474/ HTTP/1.1" 200 24109 "-" "Mozilla/5.0 AppleWebKit/537.36 (KHTML, like Gecko; compatible; bingbot/2.0; +http://www.bing.com/bingbot.htm) Chrome/116.0.1938.76 Safari/537.36"
40.77.167.16 - - [29/Apr/2026:08:12:11 -0400] "GET /search.php?listing/31050752/ HTTP/1.1" 200 24109 "-" "Mozilla/5.0 AppleWebKit/537.36 (KHTML, like Gecko; compatible; bingbot/2.0; +http://www.bing.com/bingbot.htm) Chrome/116.0.1938.76 Safari/537.36"
66.249.66.195 - - [29/Apr/2026:08:12:12 -0400] "GET /?listing/15907085/ HTTP/1.1" 200 25015 "-" "Mozilla/5.0 (Linux; Android 6.0.1; Nexus 5X Build/MMB29P) AppleWebKit/537.36 (KHTML, like Gecko) Chrome/147.0.7727.116 Mobile Safari/537.36 (compatible; Googlebot/2.1; +http://www.google.com/bot.html)"
40.77.167.16 - - [29/Apr/2026:08:12:14 -0400] "GET /search.php?listing/9143685/ HTTP/1.1" 200 24109 "-" "Mozilla/5.0 AppleWebKit/537.36 (KHTML, like Gecko; compatible; bingbot/2.0; +http://www.bing.com/bingbot.htm) Chrome/116.0.1938.76 Safari/537.36"
40.77.167.16 - - [29/Apr/2026:08:12:17 -0400] "GET /search.php?listing/8059696/ HTTP/1.1" 200 24109 "-" "Mozilla/5.0 AppleWebKit/537.36 (KHTML, like Gecko; compatible; bingbot/2.0; +http://www.bing.com/bingbot.htm) Chrome/116.0.1938.76 Safari/537.36"
40.77.167.46 - - [29/Apr/2026:08:12:20 -0400] "GET /special/1533273602.shtml HTTP/1.1" 200 24014 "-" "Mozilla/5.0 AppleWebKit/537.36 (KHTML, like Gecko; compatible; bingbot/2.0; +http://www.bing.com/bingbot.htm) Chrome/116.0.1938.76 Safari/537.36"
